What is the highest common factor of 2964286 and 39?
13
What is the greatest common divisor of 132360 and 136020?
60
Calculate the highest common divisor of 34970874 and 6.
6
Calculate the greatest common factor of 204 and 32160090.
102
Calculate the highest common factor of 2828 and 168302764.
2828
What is the greatest common divisor of 22596 and 5894?
14
What is the highest common divisor of 19303944 and 792?
264
Calculate the greatest common divisor of 10488 and 57741.
57
What is the highest common divisor of 453584 and 160?
16
What is the greatest common divisor of 8 and 5595236?
4
What is the greatest common factor of 8448728 and 276?
92
What is the greatest common factor of 336779 and 21?
1
Calculate the greatest common divisor of 783 and 31508703.
783
What is the greatest common factor of 53662 and 285082?
14
What is the greatest common factor of 135 and 89761995?
45
What is the greatest common divisor of 61655 and 186010?
1045
Calculate the greatest common divisor of 6288741 and 423.
423
Calculate the highest common divisor of 21709 and 3274228.
1277
What is the highest common divisor of 35168 and 140?
28
Calculate the greatest common factor of 38214 and 75417066.
3474
Calculate the greatest common factor of 66128130 and 1530.
1530
What is the greatest common factor of 84 and 575444?
4
Calculate the highest common divisor of 1752 and 12018804.
12
Calculate the highest common divisor of 1341534500 and 250.
250
What is the highest common divisor of 1900699 and 1159?
61
Calculate the highest common factor of 57270024 and 156919.
5411
Calculate the highest common factor of 18217510 and 7250.
290
Calculate the highest common factor of 2050 and 8100.
50
What is the greatest common factor of 66845 and 1417575?
2305
Calculate the highest common factor of 3497160 and 18.
6
What is the highest common divisor of 1506 and 63190254?
1506
Calculate the highest common divisor of 81614 and 178966.
86
Calculate the highest common divisor of 1058949533 and 5926.
2963
What is the highest common divisor of 484 and 1135332?
44
Calculate the greatest common divisor of 133 and 4012933.
19
What is the highest common factor of 112160466 and 66?
66
What is the highest common factor of 83571761 and 3549?
91
Calculate the greatest common divisor of 2570542 and 832.
26
What is the greatest common factor of 133 and 86055228?
7
What is the greatest common factor of 11690355 and 30?
15
Calculate the highest common divisor of 29124 and 31446.
18
Calculate the greatest common divisor of 876 and 39495628.
292
Calculate the greatest common divisor of 32 and 15632504.
8
What is the highest common factor of 211365 and 792?
99
Calculate the greatest common divisor of 439564237 and 2373.
791
Calculate the highest common divisor of 3003 and 1215357.
429
Calculate the highest common divisor of 2495 and 17700.
5
Calculate the highest common factor of 33184860 and 417000.
8340
What is the highest common factor of 98 and 189475440?
14
Calculate the highest common divisor of 128 and 274913408.
128
What is the highest common divisor of 575989172 and 1496?
748
What is the greatest common factor of 297428 and 1396?
4
Calculate the greatest common divisor of 12 and 1339266.
6
What is the greatest common factor of 26266 and 3098246?
1142
Calculate the greatest common factor of 77069748 and 14.
14
Calculate the highest common factor of 3965643 and 13653.
369
What is the highest common divisor of 11981972 and 6?
2
What is the highest common divisor of 3704670 and 32490?
90
What is the greatest common divisor of 40260 and 1376526?
366
What is the highest common factor of 3760095 and 915?
15
Calculate the greatest common factor of 2650164 and 136.
68
Calculate the greatest common factor of 130706999 and 69.
23
What is the highest common divisor of 1126476 and 2668?
116
What is the highest common divisor of 379 and 334758951?
379
What is the highest common divisor of 43940064 and 1008?
336
What is the greatest common divisor of 20608 and 9694592?
2944
Calculate the greatest common factor of 2184 and 9440886.
546
What is the greatest common divisor of 17737720 and 13290?
4430
Calculate the highest common factor of 59335578 and 810.
162
Calculate the greatest common factor of 49652918 and 70.
14
What is the greatest common divisor of 835 and 236475?
5
Calculate the highest common divisor of 324 and 15722100.
324
What is the greatest common divisor of 2972949590 and 3601?
3601
Calculate the highest common divisor of 12515936 and 256.
32
Calculate the greatest common factor of 1081526 and 7569.
841
What is the greatest common factor of 240 and 268215?
15
Calculate the greatest common divisor of 3053050 and 52.
26
Calculate the greatest common divisor of 61271 and 14889.
7
Calculate the highest common factor of 18579263 and 1543.
1543
Calculate the highest common divisor of 1755410 and 18280.
10
What is the highest common divisor of 1999 and 46094941?
1999
Calculate the highest common factor of 47189 and 24.
1
Calculate the greatest common factor of 3601854 and 1188.
54
What is the greatest common divisor of 704 and 3839066?
22
What is the highest common factor of 1040 and 15170?
10
Calculate the greatest common divisor of 22 and 35098481.
11
Calculate the greatest common divisor of 11549025 and 150.
75
What is the greatest common divisor of 1668036960 and 4440?
4440
Calculate the highest common divisor of 94836672 and 6579.
387
What is the greatest common divisor of 783 and 5927919?
87
Calculate the greatest common divisor of 67892756 and 976.
244
Calculate the highest common factor of 138 and 520746.
6
What is the greatest common divisor of 886766 and 277808?
358
What is the highest common factor of 3569490 and 14280?
510
Calculate the highest common divisor of 27028526 and 722.
38
Calculate the greatest common factor of 552 and 189900144.
552
Calculate the greatest common divisor of 7 and 18391443.
7
What is the greatest common factor of 23089 and 192016?
11
Calculate the greatest common factor of 560 and 2795940.
140
Calculate the highest common divisor of 13849008 and 1856.
464
What is the highest common factor of 10 and 5183611?
1
Calculate the greatest common factor of 175 and 24558310.
35
What is the greatest common divisor of 206104470 and 390?
390
Calculate the greatest common factor of 7748566 and 68.
34
Calculate the greatest common divisor of 7028 and 944764.
1004
Calculate the greatest common divisor of 72494412 and 75561.
849
What is the highest common factor of 5330614736 and 16?
16
Calculate the greatest common factor of 204517194 and 42.
42
What is the greatest common divisor of 53116 and 104566?
98
What is the greatest common divisor of 295 and 1058545255?
295
Calculate the highest common factor of 3619697272 and 296.
296
What is the highest common factor of 8188 and 312524?
92
Calculate the highest common divisor of 31 and 349732793.
31
What is the highest common factor of 27612 and 4464?
36
What is the greatest common divisor of 98 and 30625?
49
What is the highest common divisor of 10 and 1367218?
2
Calculate the greatest common divisor of 32 and 147523.
1
What is the greatest common divisor of 30 and 1481300070?
30
Calculate the highest common factor of 15550 and 445974.
622
Calculate the highest common divisor of 11264 and 72490.
22
Calculate the highest common factor of 2445516 and 36.
36
Calculate the greatest common factor of 800 and 1749724400.
400
Calculate the greatest common divisor of 302492 and 13.
1
Calculate the highest common divisor of 1127017 and 302278.
421
What is the greatest common factor of 16688620 and 884?
52
Calculate the greatest common factor of 6917321 and 1934585.
9437
What is the highest common divisor of 52 and 57174988?
52
What is the greatest common factor of 1841315 and 5?
5
What is the greatest common factor of 571675 and 175?
25
Calculate the highest common divisor of 151530 and 3720.
30
What is the highest common factor of 1243 and 3473695258?
1243
What is the highest common factor of 14246712 and 246?
6
Calculate the greatest common divisor of 312 and 70443204.
156
Calculate the greatest common factor of 247738 and 159274.
194
Calculate the highest common divisor of 70494 and 3734136.
186
Calculate the greatest common divisor of 112